1)).
5
Evaluate -9 - 5 - (-9 + -1).
-4
What is 0 + (-9 - -5) + 1 + -1?
-4
(2 - 2) + 9 + 3 + -6
6
What is (1 - -2) + (-6 - -1)?
-2
What is the value of -3 + (0 - -1) - -5?
3
Evaluate (-6 - (2 + 0 + -4)) + -1.
-5
Evaluate 3 + 0 + 6 + -3 - 3.
3
7 - (-8 - -6) - 5 - 11
-7
Evaluate 2 + (3 - (3 + -3 + 10)).
-5
(-3 - 4) + -3 + 16
6
Evaluate 12 + -8 + 1 + -1 + 2.
6
What is -8 - -7 - (5 + 4 + -11)?
1
Calculate 0 + (4 - ((1 - 0) + -2)).
5
What is the value of (-3 - 2) + 0 + 0 + 3?
-2
Calculate (-11 - -10 - -8) + -9.
-2
Evaluate -2 + 0 + 9 + -2.
5
Evaluate 3 + -5 + -2 + 6.
2
Evaluate -1 - -9 - 5 - (-1 - 0).
4
6 + -3 + 0 - -1
4
What is the value of -5 + 0 + 0 + 0 + -2?
-7
What is the value of 1 + -2 + 2 + -4?
-3
Evaluate 5 + (3 - 9 - (-9 + 3)).
5
-2 + (7 - 1 - 8)
-4
What is -3 - (0 - 9 - -4)?
2
What is (0 - -1) + 6 + (-4 - 2)?
1
Calculate -2 + 2 + (15 - 17).
-2
12 - 4 - (-6 - (7 + -17))
4
(2 - 0) + (3 - 1) + -2
2
What is -7 + -1 + 10 + -7?
-5
What is the value of 2 + -9 + 12 + -2?
3
What is 2 - (-1 - (8 - 13))?
-2
Evaluate -1 + -6 + -1 + 11.
3
What is the value of (-1 - -3) + (0 - 7)?
-5
Calculate (0 - 5) + (1 - (10 - 20)).
6
Calculate 0 + (2 - -1) + (9 - 15).
-3
What is 1 + -1 + 29 + -27 - 0?
2
What is -2 + (1 - (4 - 4))?
-1
What is the value of -2 + (1 - 0 - 3)?
-4
What is (-4 - -6) + (-2 - 1 - 2)?
-3
What is (-3 - -1) + (2 - 2)?
-2
What is the value of -5 - (-5 - -3 - 0)?
-3
What is the value of -2 + 6 + (-2 - 0)?
2
-3 + 4 + (1 - 5)
-3
What is -2 + 4 - (-14 - -17)?
-1
What is the value of -4 + (-8 - (-1 - 5)) + 10?
4
Calculate (-12 + 6 - 2) + 10.
2
Calculate 2 - (-2 + 4 + -3).
3
Calculate -4 - (-4 - (-4 + -6)).
-10
What is the value of 8 - (4 + (-2 - -2))?
4
What is the value of 0 + (-2 - (4 + -6))?
0
What is (6 - 3) + -5 + 1?
-1
5 - 0 - (143 + -141)
3
Calculate 1 + 10 + (1 - 7).
5
What is the value of -2 - (0 + -1) - 4?
-5
Evaluate (0 - -1) + (-2 - 1) + -6.
-8
-7 + 21 + -22 - -3
-5
(-2 - -6) + (0 - 8)
-4
-1 + 10 + -12 + (-2 - 2)
-7
What is the value of -5 - -5 - (0 - (3 - -3))?
6
Evaluate 7 + (-7 - 2 - 0).
-2
Evaluate -9 + 8 + (-1 - 2) + 7.
3
What is the value of 0 - (9 + -5 - (1 + 0))?
-3
(-6 - -6 - 1) + -1 - -7
5
Calculate -1 + (-2 - 10) - -12.
-1
Calculate 9 + (-5 - -5) - 9.
0
8 - ((3 - 6 - 4) + 9)
6
Evaluate -1 + (-1 - 4) + (15 - 6).
3
-1 + (-3 - 1) - (-1 + 1)
-5
Calculate -2 + 0 + 0 + 0 + 4.
2
Evaluate 1 - 0 - -3 - 11 - 1.
-8
What is 0 - (-2 + (-1 - (-2 + -5)))?
-4
Calculate -4 + -1 + (-29 - -29).
-5
What is the value of (8 - (9 + (0 - 3))) + -5?
-3
Calculate -21 - (-25 + (-10 - -21)).
-7
Evaluate -22 - -10 - (-12 + -2).
2
-7 + 1 - (0 + -7)
1
-2 + 8 + (-4 - -3)
5
What is the value of 2 - (5 + 6 + -10)?
1
What is the value of 11 - (14 - 7 - -1)?
3
Evaluate -9 - (-1 - -10 - 19).
1
What is 3 + (1 - (3 - 0))?
1
-1 + 3 + (-13 - -6)
-5
Calculate 7 + -13 + 13 - 4.
3
What is -3 + 9 + (-9 - -7) - 4?
0
What is the value of -3 + 8 - 3 - 3?
-1
What is the value of 1 + 3 + -1 + 1 + -1?
3
What is the value of -1 - (-7 - (-3 - 0))?
3
Evaluate (0 - (-2 + 3 + -4)) + -5.
-2
Evaluate 5 + 1 + (-1 + 4 - 11).
-2
Evaluate -3 - -3 - -2 - -3.
5
What is 4 - 3 - (3 + 0) - 0?
-2
What is -3 - -3 - (0 - 3)?
3
Calculate 7 - (2 + -6 + 7) - 5.
-1
Evaluate -3 + 6 + (1 - (2 + -4)).
6
-3 + 7 + (-7 - (1 + -7))
3
What is the value of (14 + -9 - -5) + -3?
7
What is the value of (0 - (5 + -2)) + 2 - 2?
-3
Calculate (-47 - -57) + -4 + 1 + -1.
6
What is the value of -9 + (0 - -5) - -4?
0
-3 + 0 - (115 - 120)
2
Calculate -13 + 15 + (-6 - 1).
-5
What is the value of 5 - (2 - 1) - (8 - 2)?
-2
What is 2 - (4 - (-2 + -1))?
-5
What is 4 - (4 - (0 - -4))?
4
Evaluate 4 + -1 - (-3 - -4 - 0).
2
Calculate -8 + 3 - (7 - 10).
-2
Evaluate 0 - (-6 + 3) - -2.
5
What is the value of 10 - (3 - (6 + -9))?
4
Calculate 2 - (4 + 5 + -12 + 5).
0
Evaluate 8 - (11 - (12 + -4 - 3)).
2
What is the value of 0 + -5 - (-1 - (-2 + 4))?
-2
Calculate 1 + -1 - (12 - 7).
-5
Calculate 1 - (-7 + 11) - -6.
3
What is the value of 0 - -1 - (5 + -3 + -1)?
0
0 + (-1 + -1 - 3)
-5
Evaluate 4 + (-5 - (0 + (-4 - 3))).
6
Calculate -26 + 10 + 8 - -10.
2
What is -1 + 10 - (-10 + 15)?
4
17 - 24 - (0 + -1) - -4
-2
Evaluate (0 - 2) + (-5 - (-4 - 0)).
-3
-6 - -2 - (-19 - -10)
5
What is (97 - 90) + -1 + 2 + 0?
8
-2 + 1 - ((-7 - -5) + 0)
1
Calculate 1 + 2 + 0 - 9.
-6
What is (0 - -3) + -5 + 1 + 7?
6
0 + 13 + -6 + 1 + -5
3
1 + 4 + 6 + -7 + -3
1
-4 + (6 - 3) + 0 - -5
4
Calculate -1 - (-8 - -3) - 8.
-4
What is (1 - (4 + 5)) + 2 + 13?
7
Evaluate (-5 + 1 - -1) + -2 - -4.
-1
(3 - -3) + -5 + -3
-2
Calculate 5 + 1 + 3 + -5 + 1.
5
2 - (-16 - (-12 + 2))
8
Calculate 0 - -1 - (9 - (1 - -8)).
1
What is the value of 0 + -1 - (1 + -9 + 4)?
3
What is the value of 10 + 0 + 4 + -13?
1
6 + 0 + -2 + -3 - -1
2
Calculate (3 - -1) + (74 - 76).
2
Calculate -16 + (10 - -10 - 8).
-4
What is -3 + 9 - (-11 - -32) - -7?
-8
Calculate 1 - (-1 - -5) - (-5 + -1).
3
Calculate 1 + -3 + (-3 - (4 - 9)).
0
What is the value of 5 - ((-3 - 2) + 5)?
5
Calculate 1 + (-1 - 1 - -3 - 2).
0
Evaluate -6 - (11 + -11 - (-1 + 3)).
-4
What is the value of 3 + 0 + 4 + 20 + -29?
-2
Evaluate 7 + 0 - (-6 + 12).
1
What is -5 + 2 + 6 - 6?
-3
What is the value of -8 - (4 + 2 - (-7 - -21))?
0
Evaluate 7 - (-7 + (23 - 7)).
-2
What is 7 - (-6 + 1 + (4 - 1))?
9
Evaluate -5 - (4 - (-5 - -9)).
-5
-3 + (3 - 2) + -2
-4
Evaluate (18 - (29 + -17)) + 0 + -6.
0
(1 - 0) + (0 - 3) - -7
5
-3 - (-39 + 13 - -14)
9
Calculate (6 - 3) + 1 - (4 - 5).
5
What is the value of -93 + 95 + 2 + -1 + 1?
4
What is 2 - 1 - (-14 + 11 - 3)?
7
What is the value of 4 + -13 - (-9 + 4)?
-4
What is the value of 1 - (-2 + 2 + -1)?
2
What is 0 + (-6 - (-6 + 3)) + 8?
5
Calculate -54 - -54 - ((0 - 8) + 2).
6
What is the value of -2 + (9 - 4) + -7?
-4
Calculate 5 + 5 + -10 - (-1 + 5).
-4
What is 3 + (-1 - 7 - (-6 + 4))?
-3
Calculate 5 + -8 + 1 + 6 + 1.
5
Calculate -1 + 0 + (-38 - -35) + 6.
2
Evaluate 3 - ((9 - -1) + -4).
-3
Evaluate -2 + 1 + (1 + 0 - 4).
-4
(-2 - (-3 - -6) - -6) + 5
6
Calculate -9 - (-15 + 10) - (2 - 7).
1
0 + 5 + (-2 - 3)
0
35 + -38 + 2 + 6
5
What is the value of -6 - -7 - (-1 + 1)?
1
Calculate 15 - (-8 - -20) - (0 + -4).
7
Calculate (-5 - -2) + 3 + (2 - -7).
9
Calculate 21 + -21 + (1 - -1).
2
(6 - 3) + -3 + 0 + -4
-4
What is the value of -8 + 1 + 5 + 5 + -6?
-3
Calculate -6 + 2 + -1 - 0.
-5
Calculate -4 + (-2 - (-8 - 3)).
5
What is the value of 5 + (5 + -4 - 5)?
1
Evaluate 1 + -7 - (-4 - -2).
-4
What is (8 - 5) + -9 - -2?
-4
What is -44 + 39 + (0 - -2)?
-3
Evaluate (2 - ((-2 - -5) + -2)) + 2.
3
(-6 - ((6 - 4) + -1)) + 0
-7
What is the value of -6 + 3 + 2 + -5 - -11?
5
What is (-3 - -4) + (-6 - (-1 - 4))?
0
8 + (1 + 3 + -5 - 10)
-3
Evaluate (-2 - (-13 - 1)) + -11.
1
What is the value of 9 - (-8 - (-8 - 6)) - 0?
3
4 + -3 + -1 + 4
4
What is -2 + (-2 - -2 - -1 - 3)?
-4
What is 5 - (-1 + -3 + -3 + 6)?
6
What is (-4 - -2) + (-25 - -30)?
3
What is 4 + -1 + -2 + -2?
-1
Evaluate 2 + (2 - 2 - -3).
5
Calculate -3 + -7 - (-2 - (-3 + 2)).
-9
Evaluate -4 + -2 + -1 + 4.
-3
What is the value of (-4 + -11 - -10) + 6?
1
What is the value of (-1 - 0) + 3 - 3?
-1
What is -2 - 19 - -11 - -9?
-1
What is 0 + (-8 - -1) - (-2 - 2)?
-3
Evaluate 0 + -1 - 0 - (-3 + 0).
2
Calculate -4 + -6 - -2 - -4.
-4
What is the value of 6 + (4 + -7 - 3) - -5?
5
What is the value of (12 - 13) + 5 + (2 - 15)?
-9
What is -1 - 0 - (-5 - 1)?
5
What is the value of (2 - (-13 - -7)) + -3?
5
What is 4 - (12 - 9 - 5)?
6
2 + (3 - (-1 + 1 + 4))
1
(7 - 0) + (-16 - (7 + -19))
3
Evaluate 9 + 2 + -8 - (5 - 0).
-2
What is the value of -6 + 18 + -8 - 10?
-6
What is the value of -4 + 6 + (0 - -1) + -1?
2
(-36 - -29) + (15 - 1)
7
What is the value of -9 + 4 + 2 + -2?
-5
Calculate 0 + 3 - (77 - 72).
-2
What is (-6 - 1) + -5 + 7 + 1?
-4
Calculate (-4 - 0 - -9) + (0 - 1).
4
What is the value of -6 - ((5 - 3) + -10)?
2
Evaluate -8 + (-5 - (-4 - (4 + -1))).
-6
Evaluate -4 - (6 + -9 - -3).
-4
What is (-1 - 1) + -4 + -2 + 5?
-3
What is the value of 19 - 23 - (-2 + -2)?
0
Calculate -5 - (-4 + -4) - (2 + 1).
0
What is the value of -3 + -4 + 2 - -1?
-4
Calculate 4 - ((-1 - -1) + 4 - 0).
0
What is -4 + -1 - (-5 + 4)?
-4
What is the value of -3 + 2 - (-2 + (6 - 2))?
-3
What is the value of -14 + (0 - -13) - (7 + 1)?
-9
What is the value of -4 - (-5 + 3) - 3?
-5
-4 + -23 + 20 + 1 + 4
-2
Wha